the second derivative of q**3/6 - 15*q**2/2 + 2*q - 198. Determine r(15).
0
Let d be ((-1)/(-4)*2)/(75/450). Let n(m) be the third derivative of 0*m - 1/8*m**4 + 0 + 1/60*m**5 + 0*m**d - m**2. Calculate n(3).
0
Let m = -20 + 14. Let x(r) = r**2 - r - 6. Let u(i) = i. Let l(h) = -5*u(h) - x(h). Let w be l(m). Let a(f) = f**3 + 7*f**2 + 4*f - 5. Determine a(w).
7
Let v(z) = z**3 + 5*z**2 + z - 3. Let q(h) = -15*h + 102. Let p be q(7). Determine v(p).
12
Let u(x) be the third derivative of -x**6/360 - x**5/15 - 5*x**4/24 - x**3/6 - 9*x**2. Let d(i) be the first derivative of u(i). Let k = 5 + -12. What is d(k)?
2
Suppose -w = 4*w + 5. Let o(v) = 2*v - 3. Let x(t) be the third derivative of -t**4/24 - t**3/6 + 11*t**2. Let c(g) = o(g) - 2*x(g). Determine c(w).
-5
Let z(p) = -7*p + 22. Let j be (-105)/(-28) + -1 + (-5)/(-4). Determine z(j).
-6
Let b(q) be the third derivative of q**6/30 + q**4/8 - q**3/6 + 113*q**2. What is b(2)?
37
Suppose 0 = -7*t + 2*t. Let l be (3*36)/(3/2). Let g(w) = -71 + 0*w + w + l. Calculate g(t).
1
Let m(q) be the first derivative of q**2 - 10*q - 320. Determine m(5).
0
Suppose 60 = 8*h - 68. Let p be (-2 - h/(-6)) + 84/63. Let v(i) = 4*i**3 - 3*i**2 + 2*i. Give v(p).
24
Let w(v) = 11*v**3 + 8*v**2 + 2*v - 23. Let x(z) = 2*z**3 + z. Let c(r) = w(r) - 6*x(r). Determine c(7).
-2
Let t(u) be the first derivative of -u**4/4 + 7*u**3 + 23*u**2 - 3*u - 232. Determine t(23).
-3
Let a = -385 - -389. Let i(g) be the third derivative of g**6/120 - g**5/15 - g**4/6 + 2*g**3/3 - 3*g**2. Give i(a).
-12
Let v(p) be the third derivative of -p**6/120 + p**5/60 + p**4/8 + 2*p**3/3 + 14*p**2 - 1. Let l = -4 - -7. Calculate v(l).
-5
Let y(w) = -2*w + 8*w + 6*w**2 - 5*w**2. Let s be (112/(-128))/(9/(-24))*-3. Calculate y(s).
7
Let h be (7 + -3 - -3) + -3. Let a(p) be the third derivative of p**4/8 - 14*p**2. Determine a(h).
12
Let k(f) = -f**2 - 15*f + 81. Let h be k(-19). Let z(d) = -3*d + 5. What is z(h)?
-10
Let m(f) = -5*f. Let n be (80/60)/((-2)/(-6)). Suppose 0 = -n*x - 8, -12 = -0*i + 4*i + 4*x. What is m(i)?
5
Let o(n) = 2*n + 11. Suppose 2*f - 4*t = 7 + 9, 3*t = -4*f + 76. Suppose 7*m - 72 = f*m. Determine o(m).
-5
Let u(k) = 4*k**2 - k + 2. Suppose -12*c + 2 = -13*c. What is u(c)?
20
Let p(u) = 15*u - 45. Let z be p(3). Let f(h) = -h - 1. Determine f(z).
-1
Let d(a) be the first derivative of 2*a**2 + 6*a - 1 - 1/3*a**3. What is d(5)?
1
Let m(n) = -n**2 - 2*n - 2. Let l = 4 - 3. Suppose -2 = -b + l. Suppose -z = -x - 3*z, -x - b*z = -1. What is m(x)?
-2
Suppose -2*k - 3*d - 12 = -d, 0 = -2*d - 8. Let j(l) = -8 + l**3 - 8*l - 3*l**2 + 4*l + 4 + 1 + 0*l. What is j(k)?
-15
Let g(v) = 9*v**3 - 2*v**2 - 3*v**2 + 7*v + 6 - 10*v**3. Suppose 4*f - 4*t = -9*t - 4, 3*f = -3*t - 6. Give g(f).
0
Let p(i) = -14*i - 4. Let y be (4 + (-90)/24)*12. Determine p(y).
-46
Let c = -405 + 410. Let v(w) = w**3 - 3*w**2 - 2*w + 5. What is v(c)?
45
Let j(l) = l**2 - 13*l + 11. Let u(s) = 2*s**2 - 25*s + 22. Let b(v) = 7*j(v) - 4*u(v). Give b(5).
9
Suppose 2*h + 20 = 4*d + 3*h, d - 5 = -4*h. Let v(t) = -t**3 + 7*t**2 - 7*t + 1. What is v(d)?
16
Let k(s) = s**2 + 13*s - 7. Let v = -567 - -553. What is k(v)?
7
Let i(q) = q**3 - 2*q**2 - 4*q - 1. Let y be i(3). Suppose 8 = 4*u - 3*m, 0*m - m + 6 = 3*u. Let k(n) = 4 + n**2 - 2*n**2 + 2*n**u + 5*n. Give k(y).
0
Let k(x) = x**2 - 5*x + 1. Suppose -2*g = -0*g - 10. Let u = -5 - g. Let j be u/(-35) - (-40)/7. Give k(j).
7
Let n be 6/(-3) - -3 - -22. Suppose 0 = -3*w + 5 - n. Let b(p) be the third derivative of -p**6/120 - p**5/10 - p**4/12 - p**2. Give b(w).
12
Let f(u) be the second derivative of u**6/180 - u**5/15 - 5*u**4/12 + 16*u. Let m(q) be the third derivative of f(q). Determine m(7).
20
Let u(h) = 7*h - 3. Let n(w) = -6*w + 3. Let d(k) = -3*n(k) - 2*u(k). Suppose 0*s = -2*s + 10. What is d(s)?
17
Suppose -6 = -2*u + 5*n + 15, -n = u. Suppose 2*m - 5*s - 22 = 0, -6*s + 7*s = -2*m - 2. Let k(v) = -4 + 4 - 2*v - 4 + m. Calculate k(u).
-9
Let s be (-162)/(-42) + (-2)/(-14). Let k(m) = 7*m**2 - 8*m + 1. Let f(n) = -8*n**2 + 9*n - 2. Let g(u) = 6*f(u) + 7*k(u). Give g(s).
3
Let k(y) = -y**2 - 6*y - 4. Let f(n) = -14*n**2 - n. Let p be f(-1). Let v = 22 + p. Suppose -v*m - 16 = -5*m. What is k(m)?
4
Let r(u) = u - 17. Let m(t) = 3*t - 59. Let h(k) = 6*m(k) - 21*r(k). Calculate h(0).
3
Let v be (-84)/15 - ((-77)/(-55) - 1). Let u(i) = -4*i - 16. Calculate u(v).
8
Let h(g) = g**3 + 7*g**2 + 6*g - 8. Suppose 5*n = 3*p - 4 + 22, -3*p - 3 = 0. Suppose -5*x + 2*l = 36, 4*x + 21 = n*l - 4*l. Give h(x).
-8
Let l(h) = -17*h + 2. Let v be l(-1). Suppose -3*a + v = 10. Suppose 2*p - 5*n + 9 = 0, -a*p - 1 = -n + 6*n. Let o(r) = -2*r**2 - r - 1. Give o(p).
-7
Let b(s) = -s**3 - 5*s**2 + s. Suppose -8*q + 2*q - 180 = 0. Let w = q + 25. Determine b(w).
-5
Let o(n) = n**2 - 6*n - 8. Let z be 1*7/((-14)/(-88)). Let l = z - 28. Suppose 0 = -2*t + l - 2. Give o(t).
-1
Suppose 0*h - 10 = -2*h. Suppose -5*p - 1 = -3*v, -2*v + 5 = -p - 5. Let y(u) = -6*u**2 + 11*u**2 + 3*u**3 - 4*u**3 + v. What is y(h)?
7
Suppose -5*r + 3025 - 3030 = 0. Let m(h) = -18*h**3 - 2*h**2 + h. Let x(u) = u**2. Let g(i) = -m(i) - 2*x(i). Give g(r).
-17
Let p(k) = -2*k + 5. Let f(s) be the third derivative of s**4/12 - 2*s**3/3 + 5*s**2. Let g = -5 - -2. Let w(b) = g*p(b) - 2*f(b). What is w(6)?
5
Suppose -2*t + 21 = -9*t. Let u(y) = -y - 2. What is u(t)?
1
Let x(z) = 3*z - 1. Let d be -1 + (-728)/(-8) + -4 + 1. Let o = -86 + d. What is x(o)?
2
Let j = -296 + 290. Let p(u) = -u**3 - 8*u**2 - 11*u + 4. Give p(j).
-2
Let q = 4 - -18. Let i = 26 - q. Let p(w) = 2*w - 6. What is p(i)?
2
Let k = -1469 + 1469. Let i(y) be the second derivative of 1/20*y**5 + 1/6*y**3 + 2*y**2 + k + 5*y + 0*y**4. Give i(0).
4
Let h(z) = -z**3 + 7*z**2 - 6*z - 5. Let a be (-289)/7 - -5*(-10)/(-175). Let w = -35 - a. Determine h(w).
-5
Let i(f) = 119*f - 42*f + 20 - 36*f - 38*f. Give i(-8).
-4
Let u = 668 - 670. Let n(v) = -2*v**2 + v + 1. Give n(u).
-9
Let j be (-10 + 4)*(0 + (-4)/6). Let w(i) = 4*i - 3. Determine w(j).
13
Let j(f) = -f**2 - 10*f + 7. Let r be j(-9). Suppose r - 11 = -m. Let b(u) be the first derivative of -u**2/2 - 5*u + 1. What is b(m)?
0
Let j be 2/8*-6*24/(-36). Let d(v) = 19*v**3 + 2*v - 1. Calculate d(j).
20
Let t(k) = -k**2 - 8*k - 3. Let g be t(-4). Let m(h) = -h**2 - 6 + 0*h**2 + 4*h + g. What is m(5)?
2
Let a(y) = -2*y**2 + 19*y + 4. Suppose -5*n - 2*p = -58, 0 = 8*p - 10*p + 8. What is a(n)?
-6
Let d(l) be the second derivative of 1/360*l**6 + 0 + 0*l**4 - l + 1/24*l**5 + 0*l**2 - 1/2*l**3. Let m(f) be the second derivative of d(f). Give m(-4).
-4
Let t = -30 - -32. Let h(v) = 2*v**2 - 30 - 6 + 9 - v**t + 12*v. Let c be h(-14). Let f(y) = -12*y**3 + 2*y**2 - 2*y + 1. Give f(c).
-11
Let m = 129 + -128. Let y(j) = -332*j + 337*j + j**2 - m - 2. Determine y(-4).
-7
Let u(a) = -a**2 - 22*a - 86. Let l be u(-17). Let s(p) = p**2 - p - 1. Let g(k) = -14*k**2 + 6*k + 6. Let i(d) = -g(d) - 6*s(d). Determine i(l).
8
Let c(r) = r**3 - 8*r**2 - r + 8. Suppose -4*m - 12 = -l + 8, -5*l - 5*m + 25 = 0. What is c(l)?
0
Let b(n) = 364*n**2 - 180*n**2 - 184*n**2 - 12*n**3. Give b(1).
-12
Let f(d) = -5*d - 10. Let c(s) = s + 2. Let l(q) = -6*c(q) - f(q). Give l(-7).
5
Let m(t) = -t**3 + 119 + 4*t**2 - 53 - 70 + 7*t. Suppose 2*d + d = 6. Suppose -2*h = 3*u - 17, 1 = d*u - u - 4*h. Determine m(u).
6
Let h(r) = -r**3 + 7*r**2 + 8*r + 1. Let a be h(8). Let f(g) = g + 10. Let o be f(-8). Let l(d) = -1 + o + 8*d + 2*d. What is l(a)?
11
Let f(x) = -4*x**2 + x + x**2 + 3 + 3*x**2 - x**2. Suppose -7*s + 17*s - 5*s = 0. Give f(s).
3
Let n be (218/(-763))/(100/98 + -1). Let g(r) = r**2 + 12*r - 7. Give g(n).
21
Let u(z) be the second derivative of z**5/20 - z**4/4 - z**3 + z**2/2 + z. Let l be 0 - (-2 - (2 - -1)). Suppose l*g = -7 + 27. What is u(g)?
-7
Let q(w) = w**3 + 3*w**2 - 3*w + 1. Suppose -2*o = -o - 4. Suppose -8 = -o*n, 3*c = -n - 1 - 6. Give q(c).
10
Suppose -2*j - 16 = 4. Let s(x) = x**2 + 9*x - 4. Determine s(j).
6
Let y(w) = -w**2 - w + 2. Let a(m) = m**3 + 5*m**2 + 7*m - 42. Let j(i) = -a(i) - 5*y(i). What is j(0)?
32
Let t(d) = -d**2 - 9*d + 5. Suppose 28*z - 24*z = -36. Calculate t(z).
5
Let v(f) = 6*f - 5. Suppose 0 = 3*o + 4*o - 14. Calculate v(o).
7
Let r be (